{"id":11682,"date":"2025-12-30T01:02:58","date_gmt":"2025-12-29T22:02:58","guid":{"rendered":"https:\/\/www.ivaperfume.com\/?post_type=product&#038;p=11682"},"modified":"2026-03-09T15:41:52","modified_gmt":"2026-03-09T12:41:52","slug":"e-045-black-phantom","status":"publish","type":"product","link":"https:\/\/www.ivaperfume.com\/?product=e-045-black-phantom","title":{"rendered":"E 045 BLACK PHANTOM"},"content":{"rendered":"<h3 data-path-to-node=\"2\">&#8220;\u00d6l\u00fcmc\u00fcl Bir Tatl\u0131&#8221;<\/h3>\n<p data-path-to-node=\"3\">Black Phantom, bir korsan gemisindeki ziyafeti an\u0131msat\u0131r. \u0130\u00e7inde \u015feker, i\u00e7ki ve tehlike vard\u0131r.<\/p>\n<ul data-path-to-node=\"4\">\n<li>\n<p data-path-to-node=\"4,0,0\"><b data-path-to-node=\"4,0,0\" data-index-in-node=\"0\">A\u00e7\u0131l\u0131\u015f:<\/b> \u00c7ok yo\u011fun bir <b data-path-to-node=\"4,0,0\" data-index-in-node=\"22\">ac\u0131 kahve<\/b> ve <b data-path-to-node=\"4,0,0\" data-index-in-node=\"35\">romatizma (rum)<\/b> notas\u0131yla ba\u015flar. \u0130lk saniyelerde burnuna gelen o alkoll\u00fc ve sert kahve kokusu sizi \u015fa\u015f\u0131rtabilir.<\/p>\n<\/li>\n<li>\n<p data-path-to-node=\"4,1,0\"><b data-path-to-node=\"4,1,0\" data-index-in-node=\"0\">Kalp ve Dip:<\/b> Koku oturduk\u00e7a ortaya \u00e7\u0131kan <b data-path-to-node=\"4,1,0\" data-index-in-node=\"41\">\u015feker kam\u0131\u015f\u0131<\/b>, <b data-path-to-node=\"4,1,0\" data-index-in-node=\"55\">karamel<\/b> ve <b data-path-to-node=\"4,1,0\" data-index-in-node=\"66\">\u00e7ikolata<\/b> notalar\u0131 onu tam bir gurme bombas\u0131na d\u00f6n\u00fc\u015ft\u00fcr\u00fcr. Ancak bu tatl\u0131l\u0131k, market parf\u00fcmleri gibi yapay de\u011fildir; <b data-path-to-node=\"4,1,0\" data-index-in-node=\"182\">sandal a\u011fac\u0131<\/b> ve <b data-path-to-node=\"4,1,0\" data-index-in-node=\"198\">badem (heliotrope)<\/b> sayesinde kremsi ve karanl\u0131k bir dokuya sahiptir.<\/p>\n<\/li>\n<\/ul>\n","protected":false},"excerpt":{"rendered":"<p>&#8220;\u00d6l\u00fcmc\u00fcl Bir Tatl\u0131&#8221; Black Phantom, bir korsan gemisindeki ziyafeti an\u0131msat\u0131r. \u0130\u00e7inde \u015feker, i\u00e7ki ve tehlike vard\u0131r. A\u00e7\u0131l\u0131\u015f: \u00c7ok yo\u011fun bir<\/p>\n","protected":false},"featured_media":11683,"comment_status":"open","ping_status":"closed","template":"","meta":[],"product_brand":[131],"product_cat":[129],"product_tag":[],"class_list":{"0":"post-11682","1":"product","2":"type-product","3":"status-publish","4":"has-post-thumbnail","6":"product_brand-iva","7":"product_cat-erkek-parfumleri","9":"first","10":"instock","11":"shipping-taxable","12":"purchasable","13":"product-type-simple"},"_links":{"self":[{"href":"https:\/\/www.ivaperfume.com\/index.php?rest_route=\/wp\/v2\/product\/11682","targetHints":{"allow":["GET"]}}],"collection":[{"href":"https:\/\/www.ivaperfume.com\/index.php?rest_route=\/wp\/v2\/product"}],"about":[{"href":"https:\/\/www.ivaperfume.com\/index.php?rest_route=\/wp\/v2\/types\/product"}],"replies":[{"embeddable":true,"href":"https:\/\/www.ivaperfume.com\/index.php?rest_route=%2Fwp%2Fv2%2Fcomments&post=11682"}],"version-history":[{"count":1,"href":"https:\/\/www.ivaperfume.com\/index.php?rest_route=\/wp\/v2\/product\/11682\/revisions"}],"predecessor-version":[{"id":11684,"href":"https:\/\/www.ivaperfume.com\/index.php?rest_route=\/wp\/v2\/product\/11682\/revisions\/11684"}],"wp:featuredmedia":[{"embeddable":true,"href":"https:\/\/www.ivaperfume.com\/index.php?rest_route=\/wp\/v2\/media\/11683"}],"wp:attachment":[{"href":"https:\/\/www.ivaperfume.com\/index.php?rest_route=%2Fwp%2Fv2%2Fmedia&parent=11682"}],"wp:term":[{"taxonomy":"product_brand","embeddable":true,"href":"https:\/\/www.ivaperfume.com\/index.php?rest_route=%2Fwp%2Fv2%2Fproduct_brand&post=11682"},{"taxonomy":"product_cat","embeddable":true,"href":"https:\/\/www.ivaperfume.com\/index.php?rest_route=%2Fwp%2Fv2%2Fproduct_cat&post=11682"},{"taxonomy":"product_tag","embeddable":true,"href":"https:\/\/www.ivaperfume.com\/index.php?rest_route=%2Fwp%2Fv2%2Fproduct_tag&post=11682"}],"curies":[{"name":"wp","href":"https:\/\/api.w.org\/{rel}","templated":true}]}}