{"id":11636,"date":"2025-12-29T01:05:40","date_gmt":"2025-12-28T22:05:40","guid":{"rendered":"https:\/\/www.ivaperfume.com\/?post_type=product&#038;p=11636"},"modified":"2026-03-19T16:31:04","modified_gmt":"2026-03-19T13:31:04","slug":"e-040-baron","status":"publish","type":"product","link":"https:\/\/www.ivaperfume.com\/?product=e-040-baron","title":{"rendered":"E 040 BARON"},"content":{"rendered":"<ul>\n<li>\n<p data-path-to-node=\"4,0,0\"><b data-path-to-node=\"4,0,0\" data-index-in-node=\"0\">A\u00e7\u0131l\u0131\u015f:<\/b> \u0130lk s\u0131kt\u0131\u011f\u0131nda seni \u00e7ok ger\u00e7ek\u00e7i, adeta burnuna bir kadeh viski yakla\u015ft\u0131rm\u0131\u015fs\u0131n gibi bir alkol notas\u0131 kar\u015f\u0131lar.<\/p>\n<\/li>\n<li>\n<p data-path-to-node=\"4,1,0\"><b data-path-to-node=\"4,1,0\" data-index-in-node=\"0\">Geli\u015fim:<\/b> Alkol buharla\u015ft\u0131k\u00e7a geriye odunsu notalar, kurumu\u015f meyveler ve hafif bir tatl\u0131l\u0131k kal\u0131r.<\/p>\n<\/li>\n<li>\n<p data-path-to-node=\"4,2,0\"><b data-path-to-node=\"4,2,0\" data-index-in-node=\"0\">Hissiyat:<\/b> So\u011fuk bir k\u0131\u015f ak\u015fam\u0131nda, deri koltuklu, k\u00fct\u00fcphaneli ve \u015f\u00f6mineli bir odada vakit ge\u00e7irmek gibi bir havas\u0131 vard\u0131r.<\/p>\n<\/li>\n<\/ul>\n","protected":false},"excerpt":{"rendered":"<p>A\u00e7\u0131l\u0131\u015f: \u0130lk s\u0131kt\u0131\u011f\u0131nda seni \u00e7ok ger\u00e7ek\u00e7i, adeta burnuna bir kadeh viski yakla\u015ft\u0131rm\u0131\u015fs\u0131n gibi bir alkol notas\u0131 kar\u015f\u0131lar. Geli\u015fim: Alkol buharla\u015ft\u0131k\u00e7a<\/p>\n","protected":false},"featured_media":11637,"comment_status":"open","ping_status":"closed","template":"","meta":[],"product_brand":[131],"product_cat":[129],"product_tag":[],"class_list":{"0":"post-11636","1":"product","2":"type-product","3":"status-publish","4":"has-post-thumbnail","6":"product_brand-iva","7":"product_cat-erkek-parfumleri","9":"first","10":"instock","11":"sale","12":"shipping-taxable","13":"purchasable","14":"product-type-simple"},"_links":{"self":[{"href":"https:\/\/www.ivaperfume.com\/index.php?rest_route=\/wp\/v2\/product\/11636","targetHints":{"allow":["GET"]}}],"collection":[{"href":"https:\/\/www.ivaperfume.com\/index.php?rest_route=\/wp\/v2\/product"}],"about":[{"href":"https:\/\/www.ivaperfume.com\/index.php?rest_route=\/wp\/v2\/types\/product"}],"replies":[{"embeddable":true,"href":"https:\/\/www.ivaperfume.com\/index.php?rest_route=%2Fwp%2Fv2%2Fcomments&post=11636"}],"version-history":[{"count":2,"href":"https:\/\/www.ivaperfume.com\/index.php?rest_route=\/wp\/v2\/product\/11636\/revisions"}],"predecessor-version":[{"id":11650,"href":"https:\/\/www.ivaperfume.com\/index.php?rest_route=\/wp\/v2\/product\/11636\/revisions\/11650"}],"wp:featuredmedia":[{"embeddable":true,"href":"https:\/\/www.ivaperfume.com\/index.php?rest_route=\/wp\/v2\/media\/11637"}],"wp:attachment":[{"href":"https:\/\/www.ivaperfume.com\/index.php?rest_route=%2Fwp%2Fv2%2Fmedia&parent=11636"}],"wp:term":[{"taxonomy":"product_brand","embeddable":true,"href":"https:\/\/www.ivaperfume.com\/index.php?rest_route=%2Fwp%2Fv2%2Fproduct_brand&post=11636"},{"taxonomy":"product_cat","embeddable":true,"href":"https:\/\/www.ivaperfume.com\/index.php?rest_route=%2Fwp%2Fv2%2Fproduct_cat&post=11636"},{"taxonomy":"product_tag","embeddable":true,"href":"https:\/\/www.ivaperfume.com\/index.php?rest_route=%2Fwp%2Fv2%2Fproduct_tag&post=11636"}],"curies":[{"name":"wp","href":"https:\/\/api.w.org\/{rel}","templated":true}]}}