{"id":11624,"date":"2025-12-28T02:23:23","date_gmt":"2025-12-27T23:23:23","guid":{"rendered":"https:\/\/www.ivaperfume.com\/?post_type=product&#038;p=11624"},"modified":"2026-03-19T16:31:22","modified_gmt":"2026-03-19T13:31:22","slug":"e-038-myslf","status":"publish","type":"product","link":"https:\/\/www.ivaperfume.com\/?product=e-038-myslf","title":{"rendered":"E 038 MYSLF"},"content":{"rendered":"<ul>\n<li>\n<p data-path-to-node=\"3,0,0\"><b data-path-to-node=\"3,0,0\" data-index-in-node=\"0\">Modern ve Temiz Bir Karakter:<\/b> MYSLF, klasik a\u011f\u0131r erkek parf\u00fcmlerinin aksine olduk\u00e7a <b data-path-to-node=\"3,0,0\" data-index-in-node=\"84\">temiz, ayd\u0131nl\u0131k ve modern<\/b> bir yap\u0131ya sahiptir. &#8220;Du\u015ftan yeni \u00e7\u0131km\u0131\u015f hissi&#8221; veren sabunsu ama l\u00fcks bir havas\u0131 vard\u0131r.<\/p>\n<\/li>\n<li>\n<p data-path-to-node=\"3,1,0\"><b data-path-to-node=\"3,1,0\" data-index-in-node=\"0\">\u00c7i\u00e7eksi Dokunu\u015f:<\/b> Bir erkek parf\u00fcm\u00fc olmas\u0131na ra\u011fmen kalbinde yo\u011fun bir <b data-path-to-node=\"3,1,0\" data-index-in-node=\"70\">Portakal \u00c7i\u00e7e\u011fi<\/b> bar\u0131nd\u0131r\u0131r. Bu da kokuya mask\u00fclen ama ayn\u0131 zamanda yumu\u015fak ve davetkar bir karakter katar.<\/p>\n<\/li>\n<li>\n<p data-path-to-node=\"3,2,0\"><b data-path-to-node=\"3,2,0\" data-index-in-node=\"0\">\u00c7ok Y\u00f6nl\u00fcl\u00fck:<\/b> Bu parf\u00fcm\u00fcn en b\u00fcy\u00fck avantaj\u0131 her ortama uyum sa\u011flamas\u0131d\u0131r. \u0130ster ofiste, ister spor sonras\u0131, ister \u015f\u0131k bir ak\u015fam yeme\u011finde rahatl\u0131kla kullan\u0131labilir.<\/p>\n<\/li>\n<li>\n<p data-path-to-node=\"3,3,0\"><b data-path-to-node=\"3,3,0\" data-index-in-node=\"0\">Koku Notalar\u0131:<\/b><\/p>\n<ul data-path-to-node=\"3,3,1\">\n<li>\n<p data-path-to-node=\"3,3,1,0,0\"><b data-path-to-node=\"3,3,1,0,0\" data-index-in-node=\"0\">\u00dcst Nota:<\/b> Calabria Bergamotu (tazelik ve ferahl\u0131k verir).<\/p>\n<\/li>\n<li>\n<p data-path-to-node=\"3,3,1,1,0\"><b data-path-to-node=\"3,3,1,1,0\" data-index-in-node=\"0\">Orta Nota:<\/b> Tunus Portakal \u00c7i\u00e7e\u011fi (parf\u00fcm\u00fcn imza notas\u0131d\u0131r).<\/p>\n<\/li>\n<li>\n<p data-path-to-node=\"3,3,1,2,0\"><b data-path-to-node=\"3,3,1,2,0\" data-index-in-node=\"0\">Alt Nota:<\/b> Ambrofix ve Pa\u00e7uli (kal\u0131c\u0131l\u0131k ve odunsu derinlik sa\u011flar).<\/p>\n<\/li>\n<\/ul>\n<\/li>\n<\/ul>\n","protected":false},"excerpt":{"rendered":"<p>Modern ve Temiz Bir Karakter: MYSLF, klasik a\u011f\u0131r erkek parf\u00fcmlerinin aksine olduk\u00e7a temiz, ayd\u0131nl\u0131k ve modern bir yap\u0131ya sahiptir. &#8220;Du\u015ftan<\/p>\n","protected":false},"featured_media":11626,"comment_status":"open","ping_status":"closed","template":"","meta":[],"product_brand":[131],"product_cat":[129],"product_tag":[],"class_list":{"0":"post-11624","1":"product","2":"type-product","3":"status-publish","4":"has-post-thumbnail","6":"product_brand-iva","7":"product_cat-erkek-parfumleri","9":"first","10":"instock","11":"sale","12":"shipping-taxable","13":"purchasable","14":"product-type-simple"},"_links":{"self":[{"href":"https:\/\/www.ivaperfume.com\/index.php?rest_route=\/wp\/v2\/product\/11624","targetHints":{"allow":["GET"]}}],"collection":[{"href":"https:\/\/www.ivaperfume.com\/index.php?rest_route=\/wp\/v2\/product"}],"about":[{"href":"https:\/\/www.ivaperfume.com\/index.php?rest_route=\/wp\/v2\/types\/product"}],"replies":[{"embeddable":true,"href":"https:\/\/www.ivaperfume.com\/index.php?rest_route=%2Fwp%2Fv2%2Fcomments&post=11624"}],"version-history":[{"count":1,"href":"https:\/\/www.ivaperfume.com\/index.php?rest_route=\/wp\/v2\/product\/11624\/revisions"}],"predecessor-version":[{"id":11627,"href":"https:\/\/www.ivaperfume.com\/index.php?rest_route=\/wp\/v2\/product\/11624\/revisions\/11627"}],"wp:featuredmedia":[{"embeddable":true,"href":"https:\/\/www.ivaperfume.com\/index.php?rest_route=\/wp\/v2\/media\/11626"}],"wp:attachment":[{"href":"https:\/\/www.ivaperfume.com\/index.php?rest_route=%2Fwp%2Fv2%2Fmedia&parent=11624"}],"wp:term":[{"taxonomy":"product_brand","embeddable":true,"href":"https:\/\/www.ivaperfume.com\/index.php?rest_route=%2Fwp%2Fv2%2Fproduct_brand&post=11624"},{"taxonomy":"product_cat","embeddable":true,"href":"https:\/\/www.ivaperfume.com\/index.php?rest_route=%2Fwp%2Fv2%2Fproduct_cat&post=11624"},{"taxonomy":"product_tag","embeddable":true,"href":"https:\/\/www.ivaperfume.com\/index.php?rest_route=%2Fwp%2Fv2%2Fproduct_tag&post=11624"}],"curies":[{"name":"wp","href":"https:\/\/api.w.org\/{rel}","templated":true}]}}