{"id":11432,"date":"2025-10-22T12:47:38","date_gmt":"2025-10-22T09:47:38","guid":{"rendered":"https:\/\/www.ivaperfume.com\/?post_type=product&#038;p=11432"},"modified":"2026-02-03T23:32:25","modified_gmt":"2026-02-03T20:32:25","slug":"e-027","status":"publish","type":"product","link":"https:\/\/www.ivaperfume.com\/?product=e-027","title":{"rendered":"E 027 ALEX 2"},"content":{"rendered":"<p>Tatl\u0131, odunsu, s\u0131cak ve <em data-start=\"705\" data-end=\"719\">Arabik l\u00fcks\u00fc<\/em> havas\u0131nda. Vanilya ve amber k\u0131sm\u0131 tatl\u0131l\u0131\u011f\u0131 verirken, oud ve sedir a\u011fac\u0131 mask\u00fclen ve mistik bir derinlik kat\u0131yor. Biraz parf\u00fcm de\u011fil de \u201cg\u00fczel giyimli bir adam\u0131n auras\u0131\u201d gibi kokuyor.<\/p>\n","protected":false},"excerpt":{"rendered":"<p>Tatl\u0131, odunsu, s\u0131cak ve Arabik l\u00fcks\u00fc havas\u0131nda. Vanilya ve amber k\u0131sm\u0131 tatl\u0131l\u0131\u011f\u0131 verirken, oud ve sedir a\u011fac\u0131 mask\u00fclen ve mistik<\/p>\n","protected":false},"featured_media":11433,"comment_status":"open","ping_status":"closed","template":"","meta":[],"product_brand":[131],"product_cat":[129],"product_tag":[],"class_list":{"0":"post-11432","1":"product","2":"type-product","3":"status-publish","4":"has-post-thumbnail","6":"product_brand-iva","7":"product_cat-erkek-parfumleri","9":"first","10":"instock","11":"sale","12":"shipping-taxable","13":"purchasable","14":"product-type-simple"},"_links":{"self":[{"href":"https:\/\/www.ivaperfume.com\/index.php?rest_route=\/wp\/v2\/product\/11432","targetHints":{"allow":["GET"]}}],"collection":[{"href":"https:\/\/www.ivaperfume.com\/index.php?rest_route=\/wp\/v2\/product"}],"about":[{"href":"https:\/\/www.ivaperfume.com\/index.php?rest_route=\/wp\/v2\/types\/product"}],"replies":[{"embeddable":true,"href":"https:\/\/www.ivaperfume.com\/index.php?rest_route=%2Fwp%2Fv2%2Fcomments&post=11432"}],"version-history":[{"count":3,"href":"https:\/\/www.ivaperfume.com\/index.php?rest_route=\/wp\/v2\/product\/11432\/revisions"}],"predecessor-version":[{"id":11573,"href":"https:\/\/www.ivaperfume.com\/index.php?rest_route=\/wp\/v2\/product\/11432\/revisions\/11573"}],"wp:featuredmedia":[{"embeddable":true,"href":"https:\/\/www.ivaperfume.com\/index.php?rest_route=\/wp\/v2\/media\/11433"}],"wp:attachment":[{"href":"https:\/\/www.ivaperfume.com\/index.php?rest_route=%2Fwp%2Fv2%2Fmedia&parent=11432"}],"wp:term":[{"taxonomy":"product_brand","embeddable":true,"href":"https:\/\/www.ivaperfume.com\/index.php?rest_route=%2Fwp%2Fv2%2Fproduct_brand&post=11432"},{"taxonomy":"product_cat","embeddable":true,"href":"https:\/\/www.ivaperfume.com\/index.php?rest_route=%2Fwp%2Fv2%2Fproduct_cat&post=11432"},{"taxonomy":"product_tag","embeddable":true,"href":"https:\/\/www.ivaperfume.com\/index.php?rest_route=%2Fwp%2Fv2%2Fproduct_tag&post=11432"}],"curies":[{"name":"wp","href":"https:\/\/api.w.org\/{rel}","templated":true}]}}