{"id":11325,"date":"2025-07-22T13:09:17","date_gmt":"2025-07-22T10:09:17","guid":{"rendered":"https:\/\/www.ivaperfume.com\/?post_type=product&#038;p=11325"},"modified":"2026-03-19T16:38:28","modified_gmt":"2026-03-19T13:38:28","slug":"e-026","status":"publish","type":"product","link":"https:\/\/www.ivaperfume.com\/?product=e-026","title":{"rendered":"E 026 NAXOS"},"content":{"rendered":"<p>\u0130talyan zarafetini Akdeniz ruhuyla bulu\u015fturan, s\u0131cak ve etkileyici bir parf\u00fcmd\u00fcr. Canl\u0131 narenciye notalar\u0131yla a\u00e7\u0131l\u0131r, kalpte lavanta ve tar\u00e7\u0131nla derinle\u015fir, bal, t\u00fct\u00fcn ve tonka fasulyesiyle ba\u015ftan \u00e7\u0131kar\u0131c\u0131 bir s\u0131cakl\u0131\u011fa ula\u015f\u0131r. G\u00fc\u00e7l\u00fc, sofistike ve \u00e7ekici bir imza arayanlar i\u00e7in.<br \/>\n(\u00dcR\u00dcN FOTO\u011eRAFTAK\u0130 3 \u015e\u0130\u015eEDEN B\u0130R\u0130NDE GELECEKT\u0130R. N\u0130CHE SER\u0130S\u0130D\u0130R.)<\/p>\n","protected":false},"excerpt":{"rendered":"<p>\u0130talyan zarafetini Akdeniz ruhuyla bulu\u015fturan, s\u0131cak ve etkileyici bir parf\u00fcmd\u00fcr. Canl\u0131 narenciye notalar\u0131yla a\u00e7\u0131l\u0131r, kalpte lavanta ve tar\u00e7\u0131nla derinle\u015fir, bal,<\/p>\n","protected":false},"featured_media":11341,"comment_status":"open","ping_status":"closed","template":"","meta":[],"product_brand":[131],"product_cat":[129],"product_tag":[],"class_list":{"0":"post-11325","1":"product","2":"type-product","3":"status-publish","4":"has-post-thumbnail","6":"product_brand-iva","7":"product_cat-erkek-parfumleri","9":"first","10":"instock","11":"sale","12":"shipping-taxable","13":"purchasable","14":"product-type-simple"},"_links":{"self":[{"href":"https:\/\/www.ivaperfume.com\/index.php?rest_route=\/wp\/v2\/product\/11325","targetHints":{"allow":["GET"]}}],"collection":[{"href":"https:\/\/www.ivaperfume.com\/index.php?rest_route=\/wp\/v2\/product"}],"about":[{"href":"https:\/\/www.ivaperfume.com\/index.php?rest_route=\/wp\/v2\/types\/product"}],"replies":[{"embeddable":true,"href":"https:\/\/www.ivaperfume.com\/index.php?rest_route=%2Fwp%2Fv2%2Fcomments&post=11325"}],"version-history":[{"count":2,"href":"https:\/\/www.ivaperfume.com\/index.php?rest_route=\/wp\/v2\/product\/11325\/revisions"}],"predecessor-version":[{"id":11593,"href":"https:\/\/www.ivaperfume.com\/index.php?rest_route=\/wp\/v2\/product\/11325\/revisions\/11593"}],"wp:featuredmedia":[{"embeddable":true,"href":"https:\/\/www.ivaperfume.com\/index.php?rest_route=\/wp\/v2\/media\/11341"}],"wp:attachment":[{"href":"https:\/\/www.ivaperfume.com\/index.php?rest_route=%2Fwp%2Fv2%2Fmedia&parent=11325"}],"wp:term":[{"taxonomy":"product_brand","embeddable":true,"href":"https:\/\/www.ivaperfume.com\/index.php?rest_route=%2Fwp%2Fv2%2Fproduct_brand&post=11325"},{"taxonomy":"product_cat","embeddable":true,"href":"https:\/\/www.ivaperfume.com\/index.php?rest_route=%2Fwp%2Fv2%2Fproduct_cat&post=11325"},{"taxonomy":"product_tag","embeddable":true,"href":"https:\/\/www.ivaperfume.com\/index.php?rest_route=%2Fwp%2Fv2%2Fproduct_tag&post=11325"}],"curies":[{"name":"wp","href":"https:\/\/api.w.org\/{rel}","templated":true}]}}