{"id":10934,"date":"2025-07-09T20:20:07","date_gmt":"2025-07-09T17:20:07","guid":{"rendered":"https:\/\/www.ivaperfume.com\/?post_type=product&#038;p=10934"},"modified":"2026-03-19T16:41:34","modified_gmt":"2026-03-19T13:41:34","slug":"iva-i-018-e","status":"publish","type":"product","link":"https:\/\/www.ivaperfume.com\/?product=iva-i-018-e","title":{"rendered":"E 012 HERO"},"content":{"rendered":"<p>bergamotla ferah a\u00e7\u0131l\u0131r, sedir a\u011fa\u00e7lar\u0131n\u0131n odunsu g\u00fcc\u00fcyle derinle\u015fir. Mask\u00fclen, do\u011fal ve modern bir erkek parf\u00fcm\u00fc. Temiz, kararl\u0131 ve \u00f6zg\u00fcr bir iz b\u0131rak\u0131r.<br \/>\n(\u00dcR\u00dcN FOTO\u011eRAFTAK\u0130 3 \u015e\u0130\u015eEDEN B\u0130R\u0130NDE GELECEKT\u0130R. N\u0130CHE SER\u0130S\u0130D\u0130R.)<\/p>\n","protected":false},"excerpt":{"rendered":"<p>bergamotla ferah a\u00e7\u0131l\u0131r, sedir a\u011fa\u00e7lar\u0131n\u0131n odunsu g\u00fcc\u00fcyle derinle\u015fir. Mask\u00fclen, do\u011fal ve modern bir erkek parf\u00fcm\u00fc. Temiz, kararl\u0131 ve \u00f6zg\u00fcr bir<\/p>\n","protected":false},"featured_media":11399,"comment_status":"open","ping_status":"closed","template":"","meta":[],"product_brand":[131],"product_cat":[129],"product_tag":[],"class_list":{"0":"post-10934","1":"product","2":"type-product","3":"status-publish","4":"has-post-thumbnail","6":"product_brand-iva","7":"product_cat-erkek-parfumleri","9":"first","10":"instock","11":"sale","12":"shipping-taxable","13":"purchasable","14":"product-type-simple"},"_links":{"self":[{"href":"https:\/\/www.ivaperfume.com\/index.php?rest_route=\/wp\/v2\/product\/10934","targetHints":{"allow":["GET"]}}],"collection":[{"href":"https:\/\/www.ivaperfume.com\/index.php?rest_route=\/wp\/v2\/product"}],"about":[{"href":"https:\/\/www.ivaperfume.com\/index.php?rest_route=\/wp\/v2\/types\/product"}],"replies":[{"embeddable":true,"href":"https:\/\/www.ivaperfume.com\/index.php?rest_route=%2Fwp%2Fv2%2Fcomments&post=10934"}],"version-history":[{"count":7,"href":"https:\/\/www.ivaperfume.com\/index.php?rest_route=\/wp\/v2\/product\/10934\/revisions"}],"predecessor-version":[{"id":11577,"href":"https:\/\/www.ivaperfume.com\/index.php?rest_route=\/wp\/v2\/product\/10934\/revisions\/11577"}],"wp:featuredmedia":[{"embeddable":true,"href":"https:\/\/www.ivaperfume.com\/index.php?rest_route=\/wp\/v2\/media\/11399"}],"wp:attachment":[{"href":"https:\/\/www.ivaperfume.com\/index.php?rest_route=%2Fwp%2Fv2%2Fmedia&parent=10934"}],"wp:term":[{"taxonomy":"product_brand","embeddable":true,"href":"https:\/\/www.ivaperfume.com\/index.php?rest_route=%2Fwp%2Fv2%2Fproduct_brand&post=10934"},{"taxonomy":"product_cat","embeddable":true,"href":"https:\/\/www.ivaperfume.com\/index.php?rest_route=%2Fwp%2Fv2%2Fproduct_cat&post=10934"},{"taxonomy":"product_tag","embeddable":true,"href":"https:\/\/www.ivaperfume.com\/index.php?rest_route=%2Fwp%2Fv2%2Fproduct_tag&post=10934"}],"curies":[{"name":"wp","href":"https:\/\/api.w.org\/{rel}","templated":true}]}}